- 10/(-2))*1*40. List the prime factors of (o/48)/(-1 + (-706)/(-708)).
2, 5, 59
Suppose -3*u + 15 = -18. Suppose -48 + 15 = -u*o. Suppose 382 = 4*k - 2*q, o*k = k - 2*q + 206. List the prime factors of k.
2, 7
Suppose -6*m + 2380 = -m. Suppose 0 = -3*o + 2*b - 359, m = -4*o - 3*b + 5*b. What are the prime factors of (o/6 - -1)*-2?
37
Let g(n) = -4*n + 53. Let p be g(12). Suppose -c = 2*y - 43, 0*c + 96 = 3*c - p*y. Let s = 4 + c. List the prime factors of s.
41
Let z(o) = 22*o**2 - 18*o - 162. List the prime factors of z(-12).
2, 3, 179
Let x(g) = -8*g - 2. Let o(h) = -7*h - 24. Let d(n) = 8*n + 23. Let f(y) = 5*d(y) + 6*o(y). Let b be f(-12). List the prime factors of x(b).
2, 19
Let n be 27/(-72)*4*358/(-3). Suppose -3*d = -4*o + n, 0 = -5*o - 0*o - 4*d + 216. What are the prime factors of o?
2, 11
List the prime factors of 26186/12 + ((-31)/(-6))/(-31).
2, 1091
Let a(z) = -936*z + 1905. What are the prime factors of a(-15)?
3, 5, 1063
Let j(n) be the second derivative of 3*n**3/2 - 39*n**2/2 + 12*n. Let d be (10/(-3))/(4/(-6)). What are the prime factors of j(d)?
2, 3
Suppose -5*m - 1277866 = 4*f - 31*f, 3*f - 141992 = 4*m. What are the prime factors of f?
2, 3, 17, 29
Let y = -1068 - -2671. Let f = y + -385. List the prime factors of f.
2, 3, 7, 29
Suppose 10*g = 15*g - 2695. Suppose 4*z - 149 - g = 0. Suppose 113 = 5*u - z. What are the prime factors of u?
3, 19
Let b be 2 + (2 + (-12)/3)*2. Let g be ((-984)/15)/(b/25). Suppose 0 = 8*j - g + 92. What are the prime factors of j?
7, 13
What are the prime factors of (-25244)/(-4) + 8/24*-3?
2, 5, 631
List the prime factors of (153/(-36))/(1/(-3616)).
2, 17, 113
Let c(d) = -d**2 + 10*d - 1. Let s be c(8). Let u = -15 + s. Suppose 352 = -u*a + 4*a. What are the prime factors of a?
2, 11
Let l = 34 + -57. Let r(x) = x**3 + 24*x**2 + 12*x - 20. List the prime factors of r(l).
233
Suppose -5*u + 13488 = 4*i, -15 = -2*i - 11. List the prime factors of u.
2, 337
Let c be (-2)/(-6) - (-8388)/27. Suppose 0 = -9*b + 985 + c. Suppose 9*t = 7*t + b. List the prime factors of t.
2, 3
Suppose 9*d = -6*i + 7*i + 299456, 5*d + 4*i - 166369 = 0. List the prime factors of d.
3, 3697
Suppose 5*z - 60 = -4*s, 2*z + 2*s = -z + 36. Let d(f) = 2*f**3 - 24*f**2 + 5*f + 12. What are the prime factors of d(z)?
2, 3
Let x = 46532 - 25967. What are the prime factors of x?
3, 5, 457
Let d = 60780 + -30513. List the prime factors of d.
3, 19, 59
Let a(o) = -o**3 + 16*o**2 + 8*o - 21. Let j = -320 + 327. List the prime factors of a(j).
2, 7, 17
Suppose 4*x - 5*w - 39 = 0, 0*x = 3*x - 5*w - 28. Suppose x*v + 3 = 14*v. What are the prime factors of v/7 + 17416/196?
89
Let c = 312 - 260. Let g = c - -230. What are the prime factors of g?
2, 3, 47
Let s = -1301 - -789. Let g = 585 + s. List the prime factors of g.
73
Suppose -121 + 709 = 3*c. What are the prime factors of ((-4424)/c)/(1/(-14))?
2, 79
Suppose 8393 + 4865 = 2*b - 5*z, z + 2 = 0. What are the prime factors of b?
2, 3, 23
Let c(k) = 495*k**3 - 9*k**2 + 30*k - 29. List the prime factors of c(5).
223, 277
Suppose 0 = 6*s - 341 + 521. Let v = -8 + 2. What are the prime factors of s*(18/v - 2/(-6))?
2, 5
Suppose -47*p = -8*p - 819351. List the prime factors of p/21 + 6/(-14).
2, 5
Let z(u) = -u**2 - 15*u - 9. Let w be z(-11). Suppose c = w + 12. Let b = 28 + c. List the prime factors of b.
3, 5
Let f(d) = 88*d**2 + d. Let a be f(-1). Let n = a - 91. List the prime factors of (-1)/(n/654) - (-1)/2.
2, 41
Suppose 2*s + 2638*r = 2639*r + 38042, 0 = -4*s + 3*r + 76086. What are the prime factors of s?
2, 3, 5, 317
Let g = 3545 + -2528. Suppose 0 = 6*v - 339 - g. List the prime factors of v.
2, 113
Let i(q) = 24*q - 93. Suppose 7*n + 10*n - 612 = 0. What are the prime factors of i(n)?
3, 257
Let c(a) be the second derivative of a**5/20 + 7*a**4/12 - 5*a**3/3 - 6*a**2 - 11*a + 30. Let d be (8/(-3))/(2/6). List the prime factors of c(d).
2
Suppose 5*i = -2*y - 208, -5*i + 3*i - y - 84 = 0. Let a = 111 - i. List the prime factors of a.
151
Let b be (-8)/24*(-294)/(-2). Let p = -693 + b. List the prime factors of p/(-8) - 75/100.
2, 23
Let s(a) = -1659*a**3 - 2*a**2 - 5*a - 20. What are the prime factors of s(-2)?
2, 3, 47
Let f = 51 - 48. Suppose -f*j + 3*a = -45, -71 = -3*j + 4*a - 23. Suppose j*h + 107 = 539. List the prime factors of h.
2, 3
Let y = 774 - -9266. List the prime factors of y.
2, 5, 251
Suppose 5*h - h - 104 = 0. Let r be (-4)/3*117/h. What are the prime factors of 1 + r + (-1296)/(-8)?
157
Let s(y) = 3*y**3 - 6*y**2 - 9*y - 2. Let n be s(7). Suppose j + j = -2*r - 268, -5*r - 4*j = n. Let u = -96 - r. What are the prime factors of u?
2, 19
Let u = -1477 + 2790. Let f = u + -713. Suppose 4*q = f - 232. What are the prime factors of q?
2, 23
Let y(k) = 191*k**2 + 24*k - 2. What are the prime factors of y(-7)?
3, 1021
Let q(k) = 84*k + 260. Let a be q(-8). Let z = -276 - a. List the prime factors of z.
2, 17
Suppose -5*m = -5*z - 10, 2*m - m + 8 = -4*z. Suppose -4*k + 4*t = -0*k - 8, -4*k + 2*t = -2. What are the prime factors of 34 + k + (4 - m)?
37
Let i(w) = 198*w**2 - 195*w + 2943. List the prime factors of i(15).
2, 3, 619
Let l(p) = p**3 + 7*p**2 - 9*p + p - 16 - 11 - p. Let q be l(-5). Suppose -122 = -2*i + q. What are the prime factors of i?
5, 19
Let i be (36/(-48))/(3/(-8)). Suppose -m - i*m = -876. Suppose 0 = 7*c - m - 58. List the prime factors of c.
2, 5
Suppose -8*g - 2 = -42. Suppose 0 = 2*o - 11 + g. Suppose b + b - 219 = -z, -o*z - 120 = -b. What are the prime factors of b?
3, 37
Let m = -13121 + 22373. List the prime factors of m.
2, 3, 257
Let u be 137/(-2)*-2 - 2. Let b be -42*30/8*(-98)/441. Suppose -30*o - u = -b*o. What are the prime factors of o?
3
Let z = 62 - 60. Suppose -z*c - 3*c = 4*j - 117, 3*j - 93 = -4*c. Suppose -c*a = -17*a - 284. List the prime factors of a.
71
Suppose 5*a = -4*q + 25693, -5*a - 8170 = -q - 1778. List the prime factors of q.
3, 23, 31
Let n = 1632 + 1184. What are the prime factors of n?
2, 11
Let t(d) = -d**3 - 4*d**2 - 10*d - 23. Let w be t(-3). What are the prime factors of (-6330)/(-25) - w/(-10)?
11, 23
List the prime factors of ((-10)/((-100)/(-255)))/(12/(-2616)).
3, 17, 109
Suppose 211*t = 75*t + 1205504. What are the prime factors of t?
2, 277
What are the prime factors of (-46099)/(-2) + 742/212?
23053
Suppose -6 = 2*c + 7*j - 3*j, -j + 6 = 2*c. Let g(r) = 10*r**3 - 9*r**2 - 10*r + 34. What are the prime factors of g(c)?
1009
Suppose -5*y = -4*m, 5*y = m - 3*m. Suppose -5*h = -2*v - 0 + 4, -4*v + 4*h + 20 = m. Suppose -3*i = -v*i + 272. What are the prime factors of i?
2, 17
Let b = 19389 - -25202. What are the prime factors of b?
17, 43, 61
Let i(h) = -h**3 + 18*h**2 + 17*h + 34. Let n be 4 + -9 + -4 + (-162)/(-6). List the prime factors of i(n).
2, 5, 17
Suppose -1985 = -6*j - 5231. Let p = -449 - j. What are the prime factors of p?
2, 23
Let r(v) = -10526*v + 186. List the prime factors of r(-1).
2, 13, 103
Let l be (2 + 16/(-5))*50/(-15). Suppose 4*f = -5*o - 625, -5*f + l*o + 20 - 750 = 0. Let s = f + 234. What are the prime factors of s?
2, 3, 7
Let c be 0*((-2)/(-6)*-1)/1. Suppose 2*t + 5 + 3 = c. List the prime factors of (-33)/(18/t + 4).
2, 3, 11
Let j(y) = -3*y**2 + 3*y. Let l be j(3). Let q = 2196 - 2255. Let v = l - q. List the prime factors of v.
41
Let i(r) = 2*r + 31. Let j be i(-16). Let o be -2*j/3 + (-44)/(-6). List the prime factors of (o/(-6))/((-6)/153).
2, 17
Let c(r) = 2*r + 9. Let q(w) = 5*w + 17. Let j(p) = 5*c(p) - 3*q(p). Let g be j(-2). Suppose 4*u + y + 139 = 8*u, 66 = 2*u - g*y. List the prime factors of u.
5, 7
Let m(v) = 2890*v**3 + v**2 + 710*v - 1429. What are the prime factors of m(2)?
3, 5, 23, 67
Let t(d) = 22. Let q(j) = j + 45. Let x(h) = -6*q(h) + 13*t(h). Let f be x(4). List the prime factors of -4 - (-85)/20 - 246/f.
31
Let g be 1*4/(24/(-58))*-84. Let f = g - 413. What are the prime factors of f?
3, 7, 19
Suppose -2*x - n + 15760 = 0, -2*n + 114 = -x + 7989. What are the prime factors of x?
7879
Suppose 176*t - 14785403 + 3168653 = -74*t. What are the prime factors of t?
3, 1721
Let u be (-2)/2 - (2 + -1). Let s(g) = -87*g**2 + 83*g**2 - 24*g**3 - 3*g - 3 + 0*g - 3*g. What are the prime factors of s(u)?
5, 37
Suppose 22193 = 13*k + 3824. Let h = 198